{"id":167,"date":"2018-09-12T17:22:40","date_gmt":"2018-09-12T17:22:40","guid":{"rendered":"http:\/\/grupoemilacabogados.com\/?page_id=167"},"modified":"2018-11-07T23:53:46","modified_gmt":"2018-11-07T23:53:46","slug":"quienes-somos","status":"publish","type":"page","link":"http:\/\/grupoemilacabogados.com\/?page_id=167","title":{"rendered":"\u00bfQui\u00e9nes somos?"},"content":{"rendered":"\n<div class=\"wp-block-columns has-2-columns is-layout-flex wp-container-core-columns-is-layout-9d6595d7 wp-block-columns-is-layout-flex\">\n<div class=\"wp-block-column is-layout-flow wp-block-column-is-layout-flow\">\n<p><\/p>\n<\/div>\n\n\n\n<div class=\"wp-block-column is-layout-flow wp-block-column-is-layout-flow\"><\/div>\n<\/div>\n\n\n\n<div style=\"height:36px\" aria-hidden=\"true\" class=\"wp-block-spacer\"><\/div>\n\n\n\n<h2 class=\"wp-block-heading\" style=\"text-align:center\">Encabezan nuestro equipo:<\/h2>\n\n\n\n<div style=\"height:42px\" aria-hidden=\"true\" class=\"wp-block-spacer\"><\/div>\n\n\n\n<p style=\"font-size:22px;text-align:center\" class=\"has-very-dark-gray-color\"><strong>Lic. Felipe Acosta Sol\u00eds<\/strong><\/p>\n\n\n\n<div style=\"height:20px\" aria-hidden=\"true\" class=\"wp-block-spacer\"><\/div>\n\n\n\n<div class=\"wp-block-columns has-4-columns is-layout-flex wp-container-core-columns-is-layout-9d6595d7 wp-block-columns-is-layout-flex\">\n<div class=\"wp-block-column is-layout-flow wp-block-column-is-layout-flow\">\n<p><\/p>\n<\/div>\n\n\n\n<div class=\"wp-block-column is-layout-flow wp-block-column-is-layout-flow\">\n<p style=\"font-size:15px;text-align:center\">Estudios<\/p>\n\n\n\n<p><\/p>\n<\/div>\n\n\n\n<div class=\"wp-block-column is-layout-flow wp-block-column-is-layout-flow\">\n<p style=\"font-size:15px\"><strong><strong><strong>Licenciatura en Derecho<\/strong><br\/><\/strong><\/strong>Universidad An\u00e1huac del Norte.<strong><strong><br\/>1987 \u2013 1992\u00a0\u00a0<\/strong><\/strong><\/p>\n<\/div>\n\n\n\n<div class=\"wp-block-column is-layout-flow wp-block-column-is-layout-flow\">\n<p><strong><\/strong><\/p>\n<\/div>\n<\/div>\n\n\n\n<div style=\"height:20px\" aria-hidden=\"true\" class=\"wp-block-spacer\"><\/div>\n\n\n\n<div class=\"wp-block-columns has-4-columns is-layout-flex wp-container-core-columns-is-layout-9d6595d7 wp-block-columns-is-layout-flex\">\n<div class=\"wp-block-column is-layout-flow wp-block-column-is-layout-flow\">\n<p><\/p>\n<\/div>\n\n\n\n<div class=\"wp-block-column is-layout-flow wp-block-column-is-layout-flow\">\n<p style=\"font-size:15px;text-align:center\">Otros<\/p>\n<\/div>\n\n\n\n<div class=\"wp-block-column is-layout-flow wp-block-column-is-layout-flow\">\n<p style=\"font-size:15px\"><strong>Posgrado en Materia de Amparo<\/strong><br\/>1994<\/p>\n\n\n\n<p style=\"font-size:15px\"><strong>Diplomado en Derecho Inmobiliario.<\/strong><br\/>Instituto de Investigaciones Jur\u00eddicas en la UNAM<br\/>Centro de Estudios de Actualizaci\u00f3n Jur\u00eddica, S.C.<br\/>1995.<\/p>\n\n\n\n<p style=\"font-size:15px\"><strong>Diplomado en Procedimiento en Materia Civil.<\/strong><br\/>Instituto de Ciencias Jur\u00eddicas de Abogados<br\/>1998.<\/p>\n<\/div>\n\n\n\n<div class=\"wp-block-column is-layout-flow wp-block-column-is-layout-flow\">\n<p><\/p>\n<\/div>\n<\/div>\n\n\n\n<hr class=\"wp-block-separator\"\/>\n\n\n\n<div style=\"height:28px\" aria-hidden=\"true\" class=\"wp-block-spacer\"><\/div>\n\n\n\n<p style=\"font-size:22px;text-align:center\" class=\"has-very-dark-gray-color\"><strong>Lic. Marury del Carmen Flores P\u00e9rez Past\u00e9n<\/strong><\/p>\n\n\n\n<div style=\"height:20px\" aria-hidden=\"true\" class=\"wp-block-spacer\"><\/div>\n\n\n\n<div class=\"wp-block-columns has-4-columns is-layout-flex wp-container-core-columns-is-layout-9d6595d7 wp-block-columns-is-layout-flex\">\n<div class=\"wp-block-column is-layout-flow wp-block-column-is-layout-flow\">\n<p><\/p>\n<\/div>\n\n\n\n<div class=\"wp-block-column is-layout-flow wp-block-column-is-layout-flow\">\n<p style=\"text-align:center\">Estudios<\/p>\n<\/div>\n\n\n\n<div class=\"wp-block-column is-layout-flow wp-block-column-is-layout-flow\">\n<p style=\"font-size:15px\"><strong><strong><strong>Licenciatura en Derecho<\/strong><br\/><\/strong><\/strong>Universidad An\u00e1huac del Norte.<strong><strong><br\/><\/strong><\/strong>1987\u20131992<\/p>\n<\/div>\n\n\n\n<div class=\"wp-block-column is-layout-flow wp-block-column-is-layout-flow\"><\/div>\n<\/div>\n\n\n\n<div style=\"height:24px\" aria-hidden=\"true\" class=\"wp-block-spacer\"><\/div>\n\n\n\n<div class=\"wp-block-columns has-4-columns is-layout-flex wp-container-core-columns-is-layout-9d6595d7 wp-block-columns-is-layout-flex\">\n<div class=\"wp-block-column is-layout-flow wp-block-column-is-layout-flow\">\n<p><\/p>\n<\/div>\n\n\n\n<div class=\"wp-block-column is-layout-flow wp-block-column-is-layout-flow\">\n<p style=\"text-align:center\">Otros<\/p>\n<\/div>\n\n\n\n<div class=\"wp-block-column is-layout-flow wp-block-column-is-layout-flow\">\n<p style=\"font-size:15px\"><strong>Entre otros los siguientes cursos impartidos por diversas \u00e1reas de la Subtesorer\u00eda de Administraci\u00f3n Financiera, Secretar\u00eda de Finanzas CDMX:<\/strong><br\/><\/p>\n\n\n\n<ul class=\"wp-block-list\"><li>Reformas al C\u00f3digo Financiero del Distrito Federal<\/li><\/ul>\n\n\n\n<p><\/p>\n\n\n\n<ul class=\"wp-block-list\"><li>Captura y revisi\u00f3n de la declaraci\u00f3n de valor catastral y pago del impuesto predial con pago<\/li><\/ul>\n\n\n\n<ul class=\"wp-block-list\"><li> Autorizaci\u00f3n, seguimiento y control de pago en parcialidades de cr\u00e9ditos fiscales locales y federales<\/li><\/ul>\n\n\n\n<ul class=\"wp-block-list\"><li> Cumplimentaci\u00f3n de sentencias<\/li><\/ul>\n\n\n\n<ul class=\"wp-block-list\"><li>Devoluci\u00f3n de pagos indebidos y los que procedan de conformidad con el C\u00f3digo Financiero del Distrito Federal y dem\u00e1s leyes aplicables, entre otros.<\/li><\/ul>\n\n\n\n<p style=\"font-size:15px\"><strong>Actualizaci\u00f3n sobre la legislaci\u00f3n penal <\/strong>Universidad Aut\u00f3noma del Estado de Hidalgo<br\/><\/p>\n\n\n\n<p style=\"font-size:15px\"><strong>El Proceso Civil<br\/><\/strong>Universidad Nacional Aut\u00f3noma de M\u00e9xico Instituto de Investigaciones Jur\u00eddicas<br\/><br\/><\/p>\n<\/div>\n\n\n\n<div class=\"wp-block-column is-layout-flow wp-block-column-is-layout-flow\"><\/div>\n<\/div>\n\n\n\n<hr class=\"wp-block-separator\"\/>\n\n\n\n<div style=\"height:35px\" aria-hidden=\"true\" class=\"wp-block-spacer\"><\/div>\n\n\n\n<p style=\"font-size:22px;text-align:center\"><strong>Lic. Carlo Archibal Guti\u00e9rrez T\u00e9llez<\/strong><\/p>\n\n\n\n<div style=\"height:20px\" aria-hidden=\"true\" class=\"wp-block-spacer\"><\/div>\n\n\n\n<div class=\"wp-block-columns has-4-columns is-layout-flex wp-container-core-columns-is-layout-9d6595d7 wp-block-columns-is-layout-flex\">\n<div class=\"wp-block-column is-layout-flow wp-block-column-is-layout-flow\">\n<p><\/p>\n<\/div>\n\n\n\n<div class=\"wp-block-column is-layout-flow wp-block-column-is-layout-flow\">\n<p style=\"font-size:15px;text-align:center\">Estudios<\/p>\n<\/div>\n\n\n\n<div class=\"wp-block-column is-layout-flow wp-block-column-is-layout-flow\">\n<p style=\"font-size:15px\"><strong><strong><strong>Licenciatura en Derecho\u00a0<\/strong><br\/><\/strong><\/strong>Universidad del Nuevo Mundo<br\/>1988 \u2013 1992 <strong><strong><br\/><\/strong><\/strong><\/p>\n<\/div>\n\n\n\n<div class=\"wp-block-column is-layout-flow wp-block-column-is-layout-flow\"><\/div>\n<\/div>\n\n\n\n<div style=\"height:35px\" aria-hidden=\"true\" class=\"wp-block-spacer\"><\/div>\n\n\n\n<div class=\"wp-block-columns has-4-columns is-layout-flex wp-container-core-columns-is-layout-9d6595d7 wp-block-columns-is-layout-flex\">\n<div class=\"wp-block-column is-layout-flow wp-block-column-is-layout-flow\">\n<p><\/p>\n<\/div>\n\n\n\n<div class=\"wp-block-column is-layout-flow wp-block-column-is-layout-flow\">\n<p style=\"font-size:15px;text-align:center\">Otros<\/p>\n<\/div>\n\n\n\n<div class=\"wp-block-column is-layout-flow wp-block-column-is-layout-flow\">\n<p style=\"font-size:15px\"><strong><strong><strong>Derecho Civil<br\/>Derecho Mercantil<\/strong>\u00a0\u00a0<\/strong><\/strong><br\/>Universidad Panamericana <br\/><\/p>\n\n\n\n<p style=\"font-size:15px\"><strong><strong><strong>Derecho Laboral y Seguridad Social.<br\/>Derecho Corporativo.<br\/>Auditoria Legal.\u00a0\u00a0<\/strong>\u00a0\u00a0<\/strong><\/strong><br\/><strong><\/strong>Instituto Tecnol\u00f3gico Aut\u00f3nomo de M\u00e9xico ITAM <br\/><\/p>\n\n\n\n<p style=\"font-size:15px\"><strong>Pr\u00e1ctica Procesal Forense Civil.<\/strong><br\/><strong>Pr\u00e1ctica Procesal Forense Mercantil.<\/strong><br\/><strong>El Juicio Ejecutivo Mercantil.<\/strong><br\/><strong>Perito en Grafoscopia y Documentoscopia.<\/strong><br\/><strong>Reformas al C\u00f3digo de Procedimientos Civiles. <\/strong><br\/>Instituto Nacional de Desarrollo Jur\u00eddico A.C.<\/p>\n\n\n\n<p style=\"font-size:15px\"><strong><strong>Derechos de Autor.\u00a0<\/strong>\u00a0<\/strong><br\/>International Chamber of Commerce (ICC) M\u00e9xico <br\/><\/p>\n\n\n\n<p><strong><strong>Sistematizaci\u00f3n de los Procedimientos Judiciales.\u00a0\u00a0 <br\/><\/strong><\/strong>T. S. J. y Consejo de la Judicatura del D.F.<\/p>\n\n\n\n<p><strong>Certificaci\u00f3n de Administrador de Condominios\u00a0 <br\/><\/strong>Divisi\u00f3n de Estudios de PostGrado de Egresados de la ENEP Arag\u00f3n Procuradur\u00eda Social (PROSOC)<\/p>\n\n\n\n<p><strong>Derecho Inmobiliario I<br\/>Derecho Inmobiliario II<\/strong> <br\/><strong><\/strong>Instituto Nacional de Estudios Jur\u00eddicos <br\/><br\/><\/p>\n<\/div>\n\n\n\n<div class=\"wp-block-column is-layout-flow wp-block-column-is-layout-flow\">\n<p><strong><\/strong><\/p>\n\n\n\n<p><strong><\/strong><\/p>\n\n\n\n<p><strong><\/strong><\/p>\n\n\n\n<p><strong><\/strong><\/p>\n\n\n\n<p><strong><\/strong><\/p>\n<\/div>\n<\/div>\n\n\n\n<hr class=\"wp-block-separator\"\/>\n\n\n\n<div style=\"height:54px\" aria-hidden=\"true\" class=\"wp-block-spacer\"><\/div>\n\n\n\n<p style=\"font-size:22px;text-align:center\"><strong>Lic. Marco Antonio Acosta Sol\u00eds<\/strong><\/p>\n\n\n\n<div style=\"height:20px\" aria-hidden=\"true\" class=\"wp-block-spacer\"><\/div>\n\n\n\n<div class=\"wp-block-columns has-4-columns is-layout-flex wp-container-core-columns-is-layout-9d6595d7 wp-block-columns-is-layout-flex\">\n<div class=\"wp-block-column is-layout-flow wp-block-column-is-layout-flow\">\n<p><\/p>\n<\/div>\n\n\n\n<div class=\"wp-block-column is-layout-flow wp-block-column-is-layout-flow\">\n<p style=\"text-align:center\">Estudios<\/p>\n<\/div>\n\n\n\n<div class=\"wp-block-column is-layout-flow wp-block-column-is-layout-flow\">\n<p><strong><strong><strong>Licenciatura en Derecho\u00a0<br\/><\/strong><\/strong><\/strong>Universidad Del Nuevo Mundo.<br\/>1988 \u2013 1992 <strong><strong><br\/><\/strong><\/strong><strong><strong><\/strong><\/strong><\/p>\n<\/div>\n\n\n\n<div class=\"wp-block-column is-layout-flow wp-block-column-is-layout-flow\">\n<p><strong><\/strong><\/p>\n<\/div>\n<\/div>\n\n\n\n<div style=\"height:100px\" aria-hidden=\"true\" class=\"wp-block-spacer\"><\/div>\n\n\n\n<hr class=\"wp-block-separator\"\/>\n\n\n\n<div class=\"wp-block-columns has-5-columns is-layout-flex wp-container-core-columns-is-layout-9d6595d7 wp-block-columns-is-layout-flex\">\n<div class=\"wp-block-column is-layout-flow wp-block-column-is-layout-flow\">\n<p><\/p>\n<\/div>\n\n\n\n<div class=\"wp-block-column is-layout-flow wp-block-column-is-layout-flow\"><\/div>\n\n\n\n<div class=\"wp-block-column is-layout-flow wp-block-column-is-layout-flow\"><\/div>\n\n\n\n<div class=\"wp-block-column is-layout-flow wp-block-column-is-layout-flow\"><\/div>\n\n\n\n<div class=\"wp-block-column is-layout-flow wp-block-column-is-layout-flow\">\n<p style=\"color:#092d70;font-size:18px\"><strong>\u00a0 \u00a0 \u00a0 \u00a0 \u00a0<a href=\"http:\/\/grupoemilacabogados.com\/?page_id=10\">Contacto<\/a><\/strong><\/p>\n\n\n\n<figure class=\"wp-block-image\"><img loading=\"lazy\" decoding=\"async\" width=\"150\" height=\"150\" src=\"http:\/\/grupoemilacabogados.com\/wp-content\/uploads\/2018\/10\/INICIO-150x150.jpg\" alt=\"\" class=\"wp-image-638\"\/><figcaption><a href=\"http:\/\/grupoemilacabogados.com\/?page_id=10\"><strong>Sus Abogados de Confianza<\/strong><\/a><\/figcaption><\/figure>\n<\/div>\n<\/div>\n","protected":false},"excerpt":{"rendered":"<p>Encabezan nuestro equipo: Lic. Felipe Acosta Sol\u00eds Estudios Licenciatura en DerechoUniversidad An\u00e1huac del Norte.1987 \u2013 1992\u00a0\u00a0 Otros Posgrado en Materia de Amparo1994 Diplomado en Derecho Inmobiliario.Instituto de Investigaciones Jur\u00eddicas en la UNAMCentro de Estudios de Actualizaci\u00f3n Jur\u00eddica, S.C.1995. Diplomado en Procedimiento en Materia Civil.Instituto de Ciencias Jur\u00eddicas de Abogados1998. Lic. &hellip;<\/p>\n","protected":false},"author":1,"featured_media":0,"parent":0,"menu_order":0,"comment_status":"closed","ping_status":"closed","template":"","meta":{"footnotes":""},"class_list":["post-167","page","type-page","status-publish","hentry"],"_links":{"self":[{"href":"http:\/\/grupoemilacabogados.com\/index.php?rest_route=\/wp\/v2\/pages\/167","targetHints":{"allow":["GET"]}}],"collection":[{"href":"http:\/\/grupoemilacabogados.com\/index.php?rest_route=\/wp\/v2\/pages"}],"about":[{"href":"http:\/\/grupoemilacabogados.com\/index.php?rest_route=\/wp\/v2\/types\/page"}],"author":[{"embeddable":true,"href":"http:\/\/grupoemilacabogados.com\/index.php?rest_route=\/wp\/v2\/users\/1"}],"replies":[{"embeddable":true,"href":"http:\/\/grupoemilacabogados.com\/index.php?rest_route=%2Fwp%2Fv2%2Fcomments&post=167"}],"version-history":[{"count":41,"href":"http:\/\/grupoemilacabogados.com\/index.php?rest_route=\/wp\/v2\/pages\/167\/revisions"}],"predecessor-version":[{"id":804,"href":"http:\/\/grupoemilacabogados.com\/index.php?rest_route=\/wp\/v2\/pages\/167\/revisions\/804"}],"wp:attachment":[{"href":"http:\/\/grupoemilacabogados.com\/index.php?rest_route=%2Fwp%2Fv2%2Fmedia&parent=167"}],"curies":[{"name":"wp","href":"https:\/\/api.w.org\/{rel}","templated":true}]}}